 is divided by 63054.
12
What is the remainder when 29605859 is divided by 800158?
13
What is the remainder when 84892 is divided by 1212?
52
What is the remainder when 13557 is divided by 899?
72
Calculate the remainder when 12121 is divided by 1496.
153
What is the remainder when 1252106 is divided by 39127?
42
Calculate the remainder when 7227 is divided by 3153.
921
Calculate the remainder when 13638881 is divided by 14.
11
Calculate the remainder when 586 is divided by 235.
116
Calculate the remainder when 78571004 is divided by 39285500.
4
Calculate the remainder when 300613215 is divided by 302.
301
What is the remainder when 181873 is divided by 8886?
4153
What is the remainder when 21595812 is divided by 353?
331
Calculate the remainder when 4585557 is divided by 509505.
12
Calculate the remainder when 94735 is divided by 10038.
4393
Calculate the remainder when 19219 is divided by 18887.
332
Calculate the remainder when 30887634 is divided by 13.
11
Calculate the remainder when 789413 is divided by 572.
53
Calculate the remainder when 6753376 is divided by 653.
50
Calculate the remainder when 2580373 is divided by 322539.
61
Calculate the remainder when 10533915 is divided by 785.
0
What is the remainder when 289225 is divided by 57841?
20
Calculate the remainder when 100279042 is divided by 127744.
2
Calculate the remainder when 2716477 is divided by 150911.
79
Calculate the remainder when 230373 is divided by 57590.
13
What is the remainder when 7978 is divided by 696?
322
What is the remainder when 224636 is divided by 3093?
1940
What is the remainder when 118516393 is divided by 91?
86
Calculate the remainder when 6362546 is divided by 45.
41
What is the remainder when 855432 is divided by 427679?
74
Calculate the remainder when 14261 is divided by 1375.
511
Calculate the remainder when 7033226 is divided by 11.
2
What is the remainder when 61015224 is divided by 76?
68
Calculate the remainder when 590046 is divided by 17353.
44
Calculate the remainder when 58701938 is divided by 14675484.
2
What is the remainder when 55079709 is divided by 183599?
9
What is the remainder when 304624977 is divided by 569?
16
What is the remainder when 5634938 is divided by 153?
101
Calculate the remainder when 115342 is divided by 38299.
445
Calculate the remainder when 220401288 is divided by 73467095.
3
What is the remainder when 32829071 is divided by 217411?
10
Calculate the remainder when 494613 is divided by 14532.
525
What is the remainder when 320772165 is divided by 55?
10
What is the remainder when 27357 is divided by 2734?
17
What is the remainder when 10129757 is divided by 35543?
2
What is the remainder when 11957243 is divided by 535?
528
Calculate the remainder when 66419 is divided by 330.
89
Calculate the remainder when 449820 is divided by 884.
748
Calculate the remainder when 600059 is divided by 564.
527
Calculate the remainder when 739188 is divided by 2568.
2172
Calculate the remainder when 59746510 is divided by 41.
39
Calculate the remainder when 3404572 is divided by 109823.
59
Calculate the remainder when 915397 is divided by 28.
21
Calculate the remainder when 23902771 is divided by 409.
402
Calculate the remainder when 164062 is divided by 81785.
492
What is the remainder when 1781289 is divided by 847?
48
What is the remainder when 1150242 is divided by 381?
3
What is the remainder when 7525958 is divided by 545?
53
Calculate the remainder when 1706649 is divided by 5049.
87
Calculate the remainder when 330712 is divided by 10238.
3096
Calculate the remainder when 220387 is divided by 73428.
103
Calculate the remainder when 7981411 is divided by 9793.
116
What is the remainder when 291564 is divided by 120?
84
Calculate the remainder when 172844 is divided by 3078.
476
What is the remainder when 172702 is divided by 43128?
190
Calculate the remainder when 134594 is divided by 2447.
9
What is the remainder when 170073 is divided by 1878?
1053
What is the remainder when 742702 is divided by 10740?
1642
What is the remainder when 1377283 is divided by 24?
19
Calculate the remainder when 43024240 is divided by 15.
10
What is the remainder when 1847690 is divided by 3049?
3045
Calculate the remainder when 3634571 is divided by 63757.
422
Calculate the remainder when 10690687 is divided by 16.
15
Calculate the remainder when 280399052 is divided by 13.
11
Calculate the remainder when 57631 is divided by 204.
103
Calculate the remainder when 48237437 is divided by 145.
142
Calculate the remainder when 118916 is divided by 11884.
76
What is the remainder when 4511163 is divided by 16?
11
What is the remainder when 1317833 is divided by 658820?
193
Calculate the remainder when 413828 is divided by 27588.
8
What is the remainder when 10156 is divided by 1256?
108
Calculate the remainder when 1307480 is divided by 3790.
3720
Calculate the remainder when 8052 is divided by 1858.
620
Calculate the remainder when 527885 is divided by 87966.
89
Calculate the remainder when 3364972 is divided by 633.
577
What is the remainder when 7479674 is divided by 116?
110
What is the remainder when 374640 is divided by 1270?
1260
Calculate the remainder when 2359454 is divided by 1591.
1
Calculate the remainder when 17741391 is divided by 129499.
28
What is the remainder when 819025 is divided by 2739?
64
What is the remainder when 4462490 is divided by 5201?
32
Calculate the remainder when 67733 is divided by 640.
533
What is the remainder when 139268 is divided by 66036?
7196
What is the remainder when 10513921 is divided by 117?
67
Calculate the remainder when 10575432 is divided by 528757.
292
What is the remainder when 1954651 is divided by 244330?
11
What is the remainder when 24197175 is divided by 95?
10
What is the remainder when 1404396 is divided by 175440?
876
Calculate the remainder when 14999262 is divided by 16339.
60
Calculate the remainder when 138154 is divided by 240.
154
What is the remainder when 37819 is divided by 882?
775
Calculate the remainder when 54428915 is divided by 455.
450
What is the remainder when 234493 is divided by 632?
21
What is the remainder when 10171989 is divided by 9298?
9275
What is the remainder when 20620678 is divided by 9?
4
Calculate the remainder when 233260 is divided by 718.
628
What is the remainder when 205699 is divided by 68536?
91
Calculate the remainder when 456889 is divided by 114193.
117
What is the remainder when 405655 is divided by 625?
30
What is the remainder when 2064188 is divided by 1247?
403
What is the remainder when 14181199 is divided by 22?
21
Calculate the remainder when 455503 is divided by 704.
15
What is the remainder when 10828745 is divided by 32?
9
What is the remainder when 1498 is divided by 1459?
39
What is the remainder when 2784451 is divided by 235?
171
What is the remainder when 24247865 is divided by 589?
502
What is the remainder when 11221242 is divided by 273684?
198
What is the remainder when 2300225 is divided by 255578?
23
What is the remainder when 2241972 is divided by 40?
12
Calculate the remainder when 41538 is divided by 40657.
881
What is the remainder when 82112 is divided by 1069?
868
What is the remainder when 487514 is divided by 803?
93
Calculate the remainder when 326020 is divided by 1693.
964
What is the remainder when 85025 is divided by 924?
17
What is the remainder when 41352405 is divided by 268?
5
Calculate the remainder when 19842495 is divided by 25.
20
What is the remainder when 557119 is divided by 233?
16
What is the remainder when 918597 is divided by 277?
65
Calculate the remainder when 6412729 is divided by 1132.
1081
Calculate the remainder when 27293888 is divided by 6823467.
20
What is the remainder when 174979538 is divided by 49?
48
Calculate the remainder when 17795418 is divided by 107.
34
Calculate the remainder when 35273319 is divided by 58.
39
Calculate the remainder when 26009609 is divided by 55.
54
What is the remainder when 200099 is divided by 547?
444
Calculate the remainder when 265771 is divided by 66415.
111
Calculate the remainder when 37044059 is divided by 37044032.
27
What is the remainder when 340424 is divided by 450?
224
Calculate the remainder when 1231312 is divided by 246245.
87
What is t